{"id":1622,"date":"2024-09-09T14:45:03","date_gmt":"2024-09-09T12:45:03","guid":{"rendered":"https:\/\/www.euro10pro.fr\/?post_type=product&#038;p=1622"},"modified":"2024-09-17T12:01:36","modified_gmt":"2024-09-17T10:01:36","slug":"sac-a-main-sienne","status":"publish","type":"product","link":"https:\/\/www.euro10pro.fr\/index.php\/produit\/sac-a-main-sienne\/","title":{"rendered":"Sac \u00e0 main &#8211; SIENNE"},"content":{"rendered":"<p>Sac \u00e0 main \u00e0 bandouli\u00e8re n\u0153ud<\/p>\n<p>Caract\u00e9ristiques :<\/p>\n<ul>\n<li>Composition : Cuir synth\u00e9tique de haute qualit\u00e9 (P.U)<\/li>\n<li>S<span class=\"a-list-item a-size-base a-color-base\">ac \u00e0 bandouli\u00e8re bandouli\u00e8re int\u00e9gr\u00e9e et ajustable\u00a0<\/span><\/li>\n<li><span class=\"a-list-item a-size-base a-color-base\">Grand compartiment de s\u00e9paration au milieu<\/span><\/li>\n<li><span class=\"a-list-item a-size-base a-color-base\">1 poche int\u00e9rieure <\/span><\/li>\n<li><span class=\"a-list-item a-size-base a-color-base\">1 poche zipp\u00e9e \u00e0 l&#8217;arri\u00e8re<\/span><\/li>\n<li><span class=\"a-list-item a-size-base a-color-base\">Assez d&#8217;espace pour ranger vos objets quotidiens tels que cosm\u00e9tiques, parapluie, portefeuille et t\u00e9l\u00e9phone portable, etc.\u00a0<\/span><\/li>\n<li><span class=\"a-list-item a-size-base a-color-base\">Design unique : style de poche \u00e9l\u00e9gant et classique.<\/span><\/li>\n<\/ul>\n<p>Conseils d&#8217;entretien :<\/p>\n<p>Nettoyez votre sac \u00e0 main avec un chiffon doux et humide pour conserver son \u00e9clat.<br \/>\n\u00c9vitez l&#8217;exposition prolong\u00e9e \u00e0 la lumi\u00e8re directe du soleil pour pr\u00e9venir la d\u00e9coloration.<br \/>\nRangez votre sac dans un endroit sec lorsque vous ne l&#8217;utilisez pas pour maintenir sa forme et sa qualit\u00e9.<\/p>\n","protected":false},"excerpt":{"rendered":"<ul>\n<li>Composition : Cuir synth\u00e9tique de haute qualit\u00e9 (P.U)<\/li>\n<li>S<span class=\"a-list-item a-size-base a-color-base\">ac \u00e0 bandouli\u00e8re bandouli\u00e8re int\u00e9gr\u00e9e et ajustable\u00a0<\/span><\/li>\n<li><span class=\"a-list-item a-size-base a-color-base\">Grand compartiment de s\u00e9paration au milieu<\/span><\/li>\n<li><span class=\"a-list-item a-size-base a-color-base\">1 poche int\u00e9rieure <\/span><\/li>\n<li><span class=\"a-list-item a-size-base a-color-base\">1 poche zipp\u00e9e \u00e0 l&#8217;arri\u00e8re<\/span><\/li>\n<li><span class=\"a-list-item a-size-base a-color-base\">Assez d&#8217;espace pour ranger vos objets quotidiens tels que cosm\u00e9tiques, parapluie, portefeuille et t\u00e9l\u00e9phone portable, etc.\u00a0<\/span><\/li>\n<li><span class=\"a-list-item a-size-base a-color-base\">Design unique : style de poche \u00e9l\u00e9gant et classique. Il est tr\u00e8s pratique de porter et de retirer des objets.<\/span><\/li>\n<\/ul>\n","protected":false},"featured_media":1623,"comment_status":"open","ping_status":"closed","template":"","meta":[],"product_cat":[30],"product_tag":[],"class_list":{"0":"post-1622","1":"product","2":"type-product","3":"status-publish","4":"has-post-thumbnail","6":"product_cat-maroquinerie","8":"first","9":"instock","10":"shipping-taxable","11":"purchasable","12":"product-type-variable","13":"add-to-wishlist-after_add_to_cart"},"aioseo_notices":[],"_links":{"self":[{"href":"https:\/\/www.euro10pro.fr\/index.php\/wp-json\/wp\/v2\/product\/1622","targetHints":{"allow":["GET"]}}],"collection":[{"href":"https:\/\/www.euro10pro.fr\/index.php\/wp-json\/wp\/v2\/product"}],"about":[{"href":"https:\/\/www.euro10pro.fr\/index.php\/wp-json\/wp\/v2\/types\/product"}],"replies":[{"embeddable":true,"href":"https:\/\/www.euro10pro.fr\/index.php\/wp-json\/wp\/v2\/comments?post=1622"}],"version-history":[{"count":1,"href":"https:\/\/www.euro10pro.fr\/index.php\/wp-json\/wp\/v2\/product\/1622\/revisions"}],"predecessor-version":[{"id":1635,"href":"https:\/\/www.euro10pro.fr\/index.php\/wp-json\/wp\/v2\/product\/1622\/revisions\/1635"}],"wp:featuredmedia":[{"embeddable":true,"href":"https:\/\/www.euro10pro.fr\/index.php\/wp-json\/wp\/v2\/media\/1623"}],"wp:attachment":[{"href":"https:\/\/www.euro10pro.fr\/index.php\/wp-json\/wp\/v2\/media?parent=1622"}],"wp:term":[{"taxonomy":"product_cat","embeddable":true,"href":"https:\/\/www.euro10pro.fr\/index.php\/wp-json\/wp\/v2\/product_cat?post=1622"},{"taxonomy":"product_tag","embeddable":true,"href":"https:\/\/www.euro10pro.fr\/index.php\/wp-json\/wp\/v2\/product_tag?post=1622"}],"curies":[{"name":"wp","href":"https:\/\/api.w.org\/{rel}","templated":true}]}}