{"id":1736,"date":"2024-09-10T16:30:41","date_gmt":"2024-09-10T14:30:41","guid":{"rendered":"https:\/\/www.euro10pro.fr\/?post_type=product&#038;p=1736"},"modified":"2024-09-10T16:47:36","modified_gmt":"2024-09-10T14:47:36","slug":"sac-a-main-bergame","status":"publish","type":"product","link":"https:\/\/www.euro10pro.fr\/index.php\/produit\/sac-a-main-bergame\/","title":{"rendered":"Sac \u00e0 main &#8211; BERGAME"},"content":{"rendered":"<ul class=\"a-unordered-list a-vertical a-spacing-small\">\n<li><span class=\"a-list-item a-size-base a-color-base\">Cuir PU de haute qualit\u00e9\u00a0<\/span><\/li>\n<li><span class=\"a-list-item a-size-base a-color-base\">Nombreuses poches et bandouli\u00e8re amovible suppl\u00e9mentaire, pochette \u00e0 main ou sac \u00e0 bandouli\u00e8re juste au choix<\/span><\/li>\n<li><span class=\"a-list-item a-size-base a-color-base\">Livr\u00e9 avec bandouli\u00e8re r\u00e9glable et amovible.<\/span><\/li>\n<li>Id\u00e9al en cadeaux de f\u00eate des m\u00e8res, des grands m\u00e8res ou pour tous cadeaux\u2026<\/li>\n<li><span class=\"a-list-item a-size-base a-color-base\">Peut \u00eatre utilis\u00e9 comme sac quotidien ou de voyage.\u00a0<\/span><span class=\"a-list-item a-size-base a-color-base\">Facile \u00e0 nettoyer<\/span><\/li>\n<\/ul>\n<p>Conseils d\u2019entretien :<\/p>\n<p>Nettoyez votre sac \u00e0 main avec un chiffon doux et humide pour conserver son \u00e9clat.<br \/>\n\u00c9vitez l\u2019exposition prolong\u00e9e \u00e0 la lumi\u00e8re directe du soleil pour pr\u00e9venir la d\u00e9coloration.<br \/>\nRangez votre sac dans un endroit sec lorsque vous ne l\u2019utilisez pas pour maintenir sa forme et sa qualit\u00e9.<\/p>\n","protected":false},"excerpt":{"rendered":"<ul class=\"a-unordered-list a-vertical a-spacing-small\">\n<li><span class=\"a-list-item a-size-base a-color-base\">Cuir PU de haute qualit\u00e9\u00a0<\/span><\/li>\n<li><span class=\"a-list-item a-size-base a-color-base\">Nombreuses poches et bandouli\u00e8re amovible suppl\u00e9mentaire, pochette \u00e0 main ou sac \u00e0 bandouli\u00e8re juste au choix<\/span><\/li>\n<li><span class=\"a-list-item a-size-base a-color-base\">Livr\u00e9 avec bandouli\u00e8re r\u00e9glable et amovible.<\/span><\/li>\n<li>Id\u00e9al en cadeaux de f\u00eate des m\u00e8res, des grands m\u00e8res ou pour tous cadeaux\u2026<\/li>\n<li><span class=\"a-list-item a-size-base a-color-base\">Peut \u00eatre utilis\u00e9 comme sac quotidien ou de voyage.\u00a0<\/span><span class=\"a-list-item a-size-base a-color-base\">Facile \u00e0 nettoyer<\/span><\/li>\n<\/ul>\n","protected":false},"featured_media":1737,"comment_status":"open","ping_status":"closed","template":"","meta":[],"product_cat":[16],"product_tag":[],"class_list":{"0":"post-1736","1":"product","2":"type-product","3":"status-publish","4":"has-post-thumbnail","6":"product_cat-non-classe","8":"first","9":"instock","10":"shipping-taxable","11":"purchasable","12":"product-type-simple","13":"add-to-wishlist-after_add_to_cart"},"aioseo_notices":[],"_links":{"self":[{"href":"https:\/\/www.euro10pro.fr\/index.php\/wp-json\/wp\/v2\/product\/1736","targetHints":{"allow":["GET"]}}],"collection":[{"href":"https:\/\/www.euro10pro.fr\/index.php\/wp-json\/wp\/v2\/product"}],"about":[{"href":"https:\/\/www.euro10pro.fr\/index.php\/wp-json\/wp\/v2\/types\/product"}],"replies":[{"embeddable":true,"href":"https:\/\/www.euro10pro.fr\/index.php\/wp-json\/wp\/v2\/comments?post=1736"}],"version-history":[{"count":3,"href":"https:\/\/www.euro10pro.fr\/index.php\/wp-json\/wp\/v2\/product\/1736\/revisions"}],"predecessor-version":[{"id":1741,"href":"https:\/\/www.euro10pro.fr\/index.php\/wp-json\/wp\/v2\/product\/1736\/revisions\/1741"}],"wp:featuredmedia":[{"embeddable":true,"href":"https:\/\/www.euro10pro.fr\/index.php\/wp-json\/wp\/v2\/media\/1737"}],"wp:attachment":[{"href":"https:\/\/www.euro10pro.fr\/index.php\/wp-json\/wp\/v2\/media?parent=1736"}],"wp:term":[{"taxonomy":"product_cat","embeddable":true,"href":"https:\/\/www.euro10pro.fr\/index.php\/wp-json\/wp\/v2\/product_cat?post=1736"},{"taxonomy":"product_tag","embeddable":true,"href":"https:\/\/www.euro10pro.fr\/index.php\/wp-json\/wp\/v2\/product_tag?post=1736"}],"curies":[{"name":"wp","href":"https:\/\/api.w.org\/{rel}","templated":true}]}}