{"id":1784,"date":"2024-09-17T11:46:03","date_gmt":"2024-09-17T09:46:03","guid":{"rendered":"https:\/\/www.euro10pro.fr\/?post_type=product&#038;p=1784"},"modified":"2024-09-17T11:51:26","modified_gmt":"2024-09-17T09:51:26","slug":"sac-a-main-naples","status":"publish","type":"product","link":"https:\/\/www.euro10pro.fr\/index.php\/produit\/sac-a-main-naples\/","title":{"rendered":"Sac \u00e0 main &#8211; NAPLES"},"content":{"rendered":"<p><span class=\"a-list-item a-size-base a-color-base\">Caract\u00e9ristiques : <\/span><\/p>\n<ul>\n<li><span class=\"a-list-item a-size-base a-color-base\">Plusieurs compartiments<\/span><\/li>\n<li><span class=\"a-list-item a-size-base a-color-base\">Grande capacit\u00e9 : que vous ayez besoin de transporter un ordinateur portable, des livres, des cosm\u00e9tiques ou d&#8217;autres objets essentiels,\u00a0<\/span><\/li>\n<li><span class=\"a-list-item a-size-base a-color-base\">Fermeture \u00e9clair<\/span><\/li>\n<li><span class=\"a-list-item a-size-base a-color-base\">Mat\u00e9riau en nylon : mat\u00e9riaux l\u00e9gers, facile \u00e0 transporter\u00a0<\/span><\/li>\n<li><span class=\"a-list-item a-size-base a-color-base\">Accessoire d\u00e9contract\u00e9 : accessoire polyvalent qui peut \u00eatre facilement associ\u00e9 \u00e0 des robes<\/span><\/li>\n<\/ul>\n<p>Conseils d&#8217;entretien :<\/p>\n<p>Nettoyez votre sac \u00e0 main avec un chiffon doux et humide pour conserver son \u00e9clat.<br \/>\n\u00c9vitez l&#8217;exposition prolong\u00e9e \u00e0 la lumi\u00e8re directe du soleil pour pr\u00e9venir la d\u00e9coloration.<br \/>\nRangez votre sac dans un endroit sec lorsque vous ne l&#8217;utilisez pas pour maintenir sa forme et sa qualit\u00e9.<\/p>\n","protected":false},"excerpt":{"rendered":"<ul class=\"a-unordered-list a-vertical a-spacing-small\">\n<li><span class=\"a-list-item a-size-base a-color-base\">Plusieurs compartiments<\/span><\/li>\n<li><span class=\"a-list-item a-size-base a-color-base\">Grande capacit\u00e9 : que vous ayez besoin de transporter un ordinateur portable, des livres, des cosm\u00e9tiques ou d&#8217;autres objets essentiels,\u00a0<\/span><\/li>\n<li><span class=\"a-list-item a-size-base a-color-base\">Fermeture \u00e9clair<\/span><\/li>\n<li><span class=\"a-list-item a-size-base a-color-base\">Mat\u00e9riau en nylon : mat\u00e9riaux l\u00e9gers, facile \u00e0 transporter\u00a0<\/span><\/li>\n<li><span class=\"a-list-item a-size-base a-color-base\">Accessoire d\u00e9contract\u00e9 : accessoire polyvalent qui peut \u00eatre facilement associ\u00e9 \u00e0 des robes<\/span><\/li>\n<\/ul>\n","protected":false},"featured_media":1786,"comment_status":"open","ping_status":"closed","template":"","meta":[],"product_cat":[30],"product_tag":[],"class_list":{"0":"post-1784","1":"product","2":"type-product","3":"status-publish","4":"has-post-thumbnail","6":"product_cat-maroquinerie","8":"first","9":"instock","10":"shipping-taxable","11":"purchasable","12":"product-type-simple","13":"add-to-wishlist-after_add_to_cart"},"aioseo_notices":[],"_links":{"self":[{"href":"https:\/\/www.euro10pro.fr\/index.php\/wp-json\/wp\/v2\/product\/1784","targetHints":{"allow":["GET"]}}],"collection":[{"href":"https:\/\/www.euro10pro.fr\/index.php\/wp-json\/wp\/v2\/product"}],"about":[{"href":"https:\/\/www.euro10pro.fr\/index.php\/wp-json\/wp\/v2\/types\/product"}],"replies":[{"embeddable":true,"href":"https:\/\/www.euro10pro.fr\/index.php\/wp-json\/wp\/v2\/comments?post=1784"}],"version-history":[{"count":2,"href":"https:\/\/www.euro10pro.fr\/index.php\/wp-json\/wp\/v2\/product\/1784\/revisions"}],"predecessor-version":[{"id":1790,"href":"https:\/\/www.euro10pro.fr\/index.php\/wp-json\/wp\/v2\/product\/1784\/revisions\/1790"}],"wp:featuredmedia":[{"embeddable":true,"href":"https:\/\/www.euro10pro.fr\/index.php\/wp-json\/wp\/v2\/media\/1786"}],"wp:attachment":[{"href":"https:\/\/www.euro10pro.fr\/index.php\/wp-json\/wp\/v2\/media?parent=1784"}],"wp:term":[{"taxonomy":"product_cat","embeddable":true,"href":"https:\/\/www.euro10pro.fr\/index.php\/wp-json\/wp\/v2\/product_cat?post=1784"},{"taxonomy":"product_tag","embeddable":true,"href":"https:\/\/www.euro10pro.fr\/index.php\/wp-json\/wp\/v2\/product_tag?post=1784"}],"curies":[{"name":"wp","href":"https:\/\/api.w.org\/{rel}","templated":true}]}}